{"id":45,"date":"2026-04-01T07:50:54","date_gmt":"2026-04-01T10:50:54","guid":{"rendered":"https:\/\/coisasdemulherbijoux.com.br\/?page_id=45"},"modified":"2026-04-01T22:06:56","modified_gmt":"2026-04-02T01:06:56","slug":"cuidados-e-garantia","status":"publish","type":"page","link":"https:\/\/coisasdemulherbijoux.com.br\/index.php\/cuidados-e-garantia\/","title":{"rendered":"Cuidados e Garantia"},"content":{"rendered":"\n<h4 class=\"wp-block-heading\">Cuidados de Uso<\/h4>\n\n\n\n<p>Nossas pe\u00e7as s\u00e3o artesanais e s\u00e3o feitas com materiais como couro, metais, pedras e linhas de tecido e para preservar sua beleza e durabilidade, cada material exige cuidados espec\u00edficos.<\/p>\n\n\n\n<p>N\u00e3o permita o contato das pe\u00e7as com \u00e1gua ou l\u00edquidos, suor excessivo, perfumes, cremes, produtos qu\u00edmicos, areia e n\u00e3o fa\u00e7a o uso delas durante atividades dom\u00e9sticas. Esses fatores podem causar deteriora\u00e7\u00e3o, oxida\u00e7\u00e3o, manchas ou desgaste precoce. Tamb\u00e9m n\u00e3o \u00e9 recomendado usar as pe\u00e7as durante atividades f\u00edsicas ou ao dormir.<\/p>\n\n\n\n<p>O couro \u00e9 sens\u00edvel \u00e0 umidade e produtos qu\u00edmicos, devendo ser limpo apenas com pano seco. Os metais podem se desgastar com o tempo, por isso \u00e9 importante mant\u00ea-los secos ap\u00f3s o uso. As pedras podem riscar ou quebrar com impactos, exigindo cuidado no manuseio. <\/p>\n\n\n\n<p>\u00c9 ideal que guarde as pe\u00e7as separadamente, em locais secos, protegidos da luz e do calor excessivo. Evite atritos, quedas e situa\u00e7\u00f5es que possam causar enroscos ou rompimentos.<\/p>\n\n\n\n<p>Com esses cuidados, suas bijuterias permanecer\u00e3o bonitas e bem conservadas por mais tempo.<\/p>\n\n\n\n<h4 class=\"wp-block-heading\">Garantia<\/h4>\n\n\n\n<p>A garantia dada aos nossos produtos atende a defeitos de fabrica\u00e7\u00e3o por 30 dias a partir da compra e o n\u00e3o cumprimento dos cuidados indicados caracteriza mau uso, e neste caso, sem direito a esta garantia.<\/p>\n","protected":false},"excerpt":{"rendered":"<p>Cuidados de Uso Nossas pe\u00e7as s\u00e3o artesanais e s\u00e3o feitas com materiais como couro, metais, pedras e linhas de tecido e para preservar sua beleza e durabilidade, cada material exige cuidados espec\u00edficos. N\u00e3o permita o contato das pe\u00e7as com \u00e1gua ou l\u00edquidos, suor excessivo, perfumes, cremes, produtos qu\u00edmicos, areia e n\u00e3o fa\u00e7a o uso delas [&hellip;]<\/p>\n","protected":false},"author":1,"featured_media":0,"parent":0,"menu_order":0,"comment_status":"closed","ping_status":"closed","template":"","meta":{"footnotes":""},"class_list":["post-45","page","type-page","status-publish","hentry"],"_links":{"self":[{"href":"https:\/\/coisasdemulherbijoux.com.br\/index.php\/wp-json\/wp\/v2\/pages\/45","targetHints":{"allow":["GET"]}}],"collection":[{"href":"https:\/\/coisasdemulherbijoux.com.br\/index.php\/wp-json\/wp\/v2\/pages"}],"about":[{"href":"https:\/\/coisasdemulherbijoux.com.br\/index.php\/wp-json\/wp\/v2\/types\/page"}],"author":[{"embeddable":true,"href":"https:\/\/coisasdemulherbijoux.com.br\/index.php\/wp-json\/wp\/v2\/users\/1"}],"replies":[{"embeddable":true,"href":"https:\/\/coisasdemulherbijoux.com.br\/index.php\/wp-json\/wp\/v2\/comments?post=45"}],"version-history":[{"count":2,"href":"https:\/\/coisasdemulherbijoux.com.br\/index.php\/wp-json\/wp\/v2\/pages\/45\/revisions"}],"predecessor-version":[{"id":51,"href":"https:\/\/coisasdemulherbijoux.com.br\/index.php\/wp-json\/wp\/v2\/pages\/45\/revisions\/51"}],"wp:attachment":[{"href":"https:\/\/coisasdemulherbijoux.com.br\/index.php\/wp-json\/wp\/v2\/media?parent=45"}],"curies":[{"name":"wp","href":"https:\/\/api.w.org\/{rel}","templated":true}]}}